{"id":51,"date":"2013-12-03T23:19:42","date_gmt":"2013-12-03T22:19:42","guid":{"rendered":"http:\/\/www.lamaisongourmande.ch\/site\/?page_id=51"},"modified":"2021-12-16T10:09:28","modified_gmt":"2021-12-16T09:09:28","slug":"histoire","status":"publish","type":"page","link":"https:\/\/www.lamaisongourmande.ch\/site\/histoire\/","title":{"rendered":"Histoire"},"content":{"rendered":"<p style=\"text-align: right;\"><img fetchpriority=\"high\" decoding=\"async\" class=\"wp-image-3445 alignright\" src=\"http:\/\/www.lamaisongourmande.ch\/site\/wp-content\/uploads\/2019\/10\/portrait-2019-683x1024.jpg\" alt=\"\" width=\"190\" height=\"285\" srcset=\"https:\/\/www.lamaisongourmande.ch\/site\/wp-content\/uploads\/2019\/10\/portrait-2019-683x1024.jpg 683w, https:\/\/www.lamaisongourmande.ch\/site\/wp-content\/uploads\/2019\/10\/portrait-2019-200x300.jpg 200w, https:\/\/www.lamaisongourmande.ch\/site\/wp-content\/uploads\/2019\/10\/portrait-2019-768x1152.jpg 768w\" sizes=\"(max-width: 190px) 100vw, 190px\" \/><\/p>\n<p style=\"text-align: left;\">[dropcap1]J[\/dropcap1]<br \/>\ne m\u2019appelle Vanessa Alfieri. Je suis mari\u00e9e, maman de 3 enfants et j\u2019habite \u00e0 Prangins, un grand village au bord du Lac L\u00e9man situ\u00e9 entre Lausanne et Gen\u00e8ve.<\/p>\n<p style=\"text-align: left;\">J\u2019ai toujours aim\u00e9 cuisiner et r\u00e9aliser de bons petits plats originaux pour ma famille et mes amis. Rester des heures dans ma cuisine ne m&rsquo;a jamais fait peur, bien au contraire!<\/p>\n<p style=\"text-align: left;\">Je m\u2019inspire essentiellement de blogs, magazine (mes pr\u00e9f\u00e9r\u00e9s : <a href=\"https:\/\/www.foudecuisine.fr\">Fou de Cuisine<\/a>\u00a0&amp;\u00a0<a href=\"https:\/\/www.saveurs-magazine.fr\">Saveurs<\/a>) et beaucoup mais BEAUCOUP de livres de cuisine\u00a0en ajoutant ma touche personnelle et mon savoir-faire.<\/p>\n<p style=\"text-align: left;\">Malheureusement le temps nous manque toujours lorsque l&rsquo;on a une passion telle que la cuisine.\u00a0En travaillant \u00e0 80% et en g\u00e9rant la maison et mes enfants, je n&rsquo;arrivais pas \u00e0 consacrer suffisamment de moment \u00e0 ma famille (3 p&rsquo;tits adultes ce n&rsquo;est pas rien!) et \u00e0 ma passion culinaire. Pendant ce temps, une id\u00e9e germait lentement dans mon esprit&#8230;<\/p>\n<p style=\"text-align: left;\">Ma famille et mes amis me complimentaient toujours sur ma cuisine.\u00a0Je me demandais alors s&rsquo;ils \u00e9taient simplement polis ou s&rsquo;ils \u00e9taient r\u00e9ellement s\u00e9duits. Et s&rsquo;ils disaient vrai? Ma cuisine serait-elle alors susceptible de pla\u00eere \u00e0 de grands chefs romands?<\/p>\n<p style=\"text-align: left;\">Afin d&rsquo;en avoir le c\u0153ur net, je me suis inscrite \u00e0 plusieurs concours culinaires. En effet, les critiques de professionnels de la branche seraient bien plus constructives et valorisantes.<\/p>\n<p>En mars 2013, j&rsquo;ai gagn\u00e9 le concours <strong>\u2018Le Chef, c\u2019est vous\u2019<\/strong>. Et l\u00e0 cela a \u00e9t\u00e9 une \u00e9vidence&#8230;<\/p>\n<p>Apr\u00e8s plusieurs mois de r\u00e9flexion et d\u2019h\u00e9sitation, j\u2019ai pris mon courage \u00e0 deux mains et saut\u00e9 \u00e0 pas de g\u00e9ant dans une aventure qui allait bouleverser ma vie: quitter mon emploi afin de lib\u00e9rer du temps pour ma famille, ouvrir une table d&rsquo;h\u00f4tes \u00e0 mon domicile et offrir mes services en tant que Cheffe \u00e0 Domicile ou traiteur pour un cocktail d\u00eenatoire.<\/p>\n<p>Plusieurs ann\u00e9es ont pass\u00e9 et afin de faire profiter un maximum de personnes de cette passion, un projet tr\u00e8s prometteur est en cours.<br \/>\nJe vous en dirai bient\u00f4t un peu plus.<\/p>\n<p>Mais en attendant, je me r\u00e9jouis de vous faire d\u00e9couvrir mes nouvelles recettes originales et de les partager avec vous.<\/p>\n<p>A tout bient\u00f4t,<br \/>\nVanessa<\/p>\n<p>[ruler bottom=20 top=20 margins=20]<\/p>\n<h3><\/h3>\n","protected":false},"excerpt":{"rendered":"<p>[dropcap1]J[\/dropcap1] e m\u2019appelle Vanessa Alfieri. Je suis mari\u00e9e, maman de 3 enfants et j\u2019habite \u00e0 Prangins, un grand village au bord du Lac L\u00e9man situ\u00e9 entre Lausanne et Gen\u00e8ve. J\u2019ai toujours aim\u00e9 cuisiner et r\u00e9aliser de bons petits plats originaux pour ma famille et mes amis. Rester des heures dans ma cuisine ne m&rsquo;a jamais&hellip;&nbsp;<\/p>\n<div class=\"read-more-wrapper\"><a href=\"https:\/\/www.lamaisongourmande.ch\/site\/histoire\/\" class=\"button button-primary\" rel=\"bookmark\">Read More &raquo;<span class=\"screen-reader-text\">Histoire<\/span><\/a><\/div>\n","protected":false},"author":7,"featured_media":0,"parent":0,"menu_order":20,"comment_status":"open","ping_status":"closed","template":"","meta":{"_monsterinsights_skip_tracking":false,"_monsterinsights_sitenote_active":false,"_monsterinsights_sitenote_note":"","_monsterinsights_sitenote_category":0,"neve_meta_sidebar":"","neve_meta_container":"","neve_meta_enable_content_width":"","neve_meta_content_width":0,"neve_meta_title_alignment":"","neve_meta_author_avatar":"","neve_post_elements_order":"","neve_meta_disable_header":"","neve_meta_disable_footer":"","neve_meta_disable_title":"","neve_meta_reading_time":"","_wp_convertkit_post_meta":{"form":"-1","landing_page":"0","tag":"0","restrict_content":"0"},"footnotes":""},"class_list":["post-51","page","type-page","status-publish","hentry"],"aioseo_notices":[],"_links":{"self":[{"href":"https:\/\/www.lamaisongourmande.ch\/site\/wp-json\/wp\/v2\/pages\/51","targetHints":{"allow":["GET"]}}],"collection":[{"href":"https:\/\/www.lamaisongourmande.ch\/site\/wp-json\/wp\/v2\/pages"}],"about":[{"href":"https:\/\/www.lamaisongourmande.ch\/site\/wp-json\/wp\/v2\/types\/page"}],"author":[{"embeddable":true,"href":"https:\/\/www.lamaisongourmande.ch\/site\/wp-json\/wp\/v2\/users\/7"}],"replies":[{"embeddable":true,"href":"https:\/\/www.lamaisongourmande.ch\/site\/wp-json\/wp\/v2\/comments?post=51"}],"version-history":[{"count":18,"href":"https:\/\/www.lamaisongourmande.ch\/site\/wp-json\/wp\/v2\/pages\/51\/revisions"}],"predecessor-version":[{"id":3447,"href":"https:\/\/www.lamaisongourmande.ch\/site\/wp-json\/wp\/v2\/pages\/51\/revisions\/3447"}],"wp:attachment":[{"href":"https:\/\/www.lamaisongourmande.ch\/site\/wp-json\/wp\/v2\/media?parent=51"}],"curies":[{"name":"wp","href":"https:\/\/api.w.org\/{rel}","templated":true}]}}